*c**2 + 15*c + 12. What is the tens digit of n(12)?
9
Let b = 150 + -84. What is the tens digit of b?
6
Suppose 2*t = 6*t + 60. Let j = 6 + -17. Let c = j - t. What is the units digit of c?
4
Suppose 3*j = -j + 112. What is the units digit of j?
8
Let l(v) = 6*v**2 + v + 2. Let g(p) be the first derivative of -5*p**3/3 - p**2 - 2*p - 1. Let a(c) = 5*g(c) + 4*l(c). What is the units digit of a(-4)?
6
Suppose -4*h + 92 + 92 = 0. Let y = h + -14. Suppose 12 - y = -t. What is the tens digit of t?
2
Let t = 2 + 4. Let s = -3 + t. Suppose -17 = -5*u - s*h, -u - 5*h = -h. What is the units digit of u?
4
Let d(i) = -14*i + 1. Let c(w) = -5*w. Let t(o) = 17*c(o) - 6*d(o). Let x be t(-6). Suppose l = -x + 2. What is the units digit of l?
2
Suppose m - 2*n + 6 = 0, 0 = 6*n - 4*n - 6. What is the units digit of m - (-1 - 1) - -41?
3
Let j(u) = 16*u**2 - u + 3. Let d be j(-2). Let f = d - 36. What is the tens digit of f?
3
Let k = -19 + 5. Let h be (-2)/(-7) + 4/k. Suppose h*r + 8 = -4*t + 4*r, 3*r = -2*t + 11. What is the units digit of t?
1
Let o(n) = -2 - 3*n - 1 + n. Let b be o(-2). What is the units digit of (-14)/(6/(-3)*b)?
7
Let g = 7 - 5. Suppose 10*r - 5*r - 17 = 3*q, g*q - 14 = -3*r. Suppose 0 = r*m - 3*n - 42, -4*m - 12 = 2*n - 44. What is the units digit of m?
9
Suppose 0 = 4*q - 28 - 32. Let i(k) = -k**2 - 8*k - 5. Let u be i(-7). Suppose 3*m + 11 = u*m - 3*b, 3*b = 3*m - q. What is the units digit of m?
1
Suppose -5*u - 26 = -106. What is the tens digit of u?
1
Suppose 0 = -4*b + 5*l + 5, b = -4*b - 4*l - 4. Suppose -2*j + j + 9 = b. What is the units digit of j?
9
Let h(d) = 0*d**2 - 5*d**2 - 6 + 5*d**3 - 6*d**3 - 4*d. What is the tens digit of h(-5)?
1
Let z = 3 + -3. Let v = z + 3. Suppose v*d + 10 = 61. What is the tens digit of d?
1
Let i(h) = -3*h**3 + h**2 + h - 1. Let t be (-4)/(-3) + (-2)/6. Let o be i(t). What is the units digit of -2*o/6*9?
6
Suppose -4*v + 100 = -16. Let x(c) = c**2 + 9*c + 1. Let j be x(-7). Let y = v + j. What is the units digit of y?
6
Suppose 4 + 2 = -2*a, 3*z + 2*a = 33. What is the units digit of z?
3
Let r = -63 - -31. Let t = -23 - r. What is the units digit of t?
9
What is the tens digit of (-16)/(-96) - 2830/(-12)?
3
Let v(o) = o + o**2 - 4 + 0*o**2 + 2*o. Let b be v(-4). Suppose b = 5*m + p - 47, -3*m - p = -2*m - 11. What is the units digit of m?
9
Let g = 8 - -4. Suppose -4*s = -2*s - g. What is the units digit of s?
6
Let g(q) = -20*q - 1. Let s be g(1). What is the units digit of (-7)/s*(2 + 1)?
1
Suppose 5*l - 111 = 789. What is the hundreds digit of l?
1
Suppose 163 = 4*r + v, -3*r = -0*r - 2*v - 114. What is the tens digit of r?
4
Suppose -3*q + 8 = -m, 0 = -5*q - 4*m + 9 + 10. What is the tens digit of (q - 1)/(4/22)?
1
Let i = -16 - -37. Suppose -3*b + i = -b + l, 0 = 5*b + 2*l - 51. What is the units digit of b?
9
Let p(j) = 2*j**2 - 10*j. Let y be p(7). Let i = -15 + y. What is the tens digit of i?
1
Suppose 0 = 5*b - s - 572 - 408, 0 = s. What is the hundreds digit of b?
1
Let k be 4/((3/(-24))/1). What is the units digit of (k/(-4))/(-2 + 4)?
4
Let a(o) = -7*o**3 - 2*o**2 - 2*o + 1. What is the tens digit of a(-2)?
5
Let b = 6 - 1. Suppose 0 = b*w + 53 - 128. What is the tens digit of w?
1
Let w(b) = -b + 6. Let x be w(6). Suppose x*g = 5*g + 25. What is the units digit of (4/g)/(2/(-5))?
2
Let i(z) = -z**3 - 5*z + 11. What is the units digit of i(-5)?
1
Suppose 5*r = r. Suppose r*y = -2*y + 196. Suppose n - 2*m = 17, -3*m + y = 5*n - 0*m. What is the units digit of n?
9
Suppose 0 = i + 2*i + r - 981, -r + 655 = 2*i. What is the hundreds digit of i?
3
Let r(a) = -a**2 + a. Let f be r(-2). Let k = f + 6. Suppose k = 3*d - 12, 0*u = 3*u + 5*d - 26. What is the units digit of u?
2
Suppose -5*f + 0*f = -5*r - 70, r = 2*f - 23. What is the units digit of f?
9
Let h be 14/((-3)/3*1). What is the units digit of 12/(-28) + (-342)/h?
4
Let z(l) = l**2 + l. Let v(x) = -x**3 - 9*x**2 - 5*x - 1. Let j(y) = -v(y) - 6*z(y). What is the units digit of j(-3)?
4
Let g be -2 + 1 + (-2 - -9). Let r = g + -3. Suppose 34 = r*k + h + h, 2*k - 8 = -5*h. What is the units digit of k?
4
Let s(o) = o - 6. Let r be s(6). Suppose 2*k + 8 = 4*w, 8*w + 3*k = 5*w - 3. What is the units digit of (18 + r)*w/2?
9
Let z(f) = 8*f**2 - f. Let q be z(-1). Let k be (-2 - 16/(-6))*q. Let h = k - 2. What is the units digit of h?
4
Suppose -2*g + 23 = 3*n, -g + 24 = -n + 5. Suppose -i - 55 = -5*d - g, 3*d - 5*i - 41 = 0. What is the units digit of d?
7
Let d(t) = -1. Let m(j) = 2*j - 5. Let p(a) = 4*d(a) - m(a). What is the units digit of p(-4)?
9
Let h = 656 - 448. What is the hundreds digit of h?
2
Let p be (-2 - -4)*(2 - 3). Let n = p + 4. What is the units digit of n?
2
Suppose 1 + 19 = 5*y. Suppose -y*g = -g - 6. Suppose 6*l = g*l + 3*h + 24, 2 = -2*l + 5*h. What is the units digit of l?
9
Let v(n) = -n**2 + 8*n + 7. Let d be v(10). Let t = 10 - d. What is the tens digit of t?
2
Suppose 0 = 2*g + 5*h - 95, -g - 4*h = -2*g + 28. What is the tens digit of g?
4
Let o = 60 - 31. What is the tens digit of o?
2
Let w be (-6)/(-14) - (-177)/(-21). Let k(h) be the first derivative of -h**3/3 - 4*h**2 + 2*h + 1. What is the units digit of k(w)?
2
Let w(q) be the first derivative of q**4/4 + 4*q**3/3 - 3*q**2 - 2. What is the units digit of w(-5)?
5
Let m(r) = 38*r**3 - 5*r**2 - 5*r + 8. Let y(u) = -25*u**3 + 3*u**2 + 3*u - 5. Let l(g) = 5*m(g) + 8*y(g). What is the tens digit of l(-1)?
1
Let j = -6 + 9. Suppose b - 4*b - 2*l + 33 = 0, -36 = -j*b - l. What is the tens digit of b?
1
Let i(n) = 2*n**3 + n. Let s = -2 + 3. What is the units digit of i(s)?
3
Let a(j) = 25*j + 18. What is the tens digit of a(4)?
1
Let b be (14/42)/(2/24). Suppose 3*w = 4*w - b*x - 44, 0 = 3*w - x - 110. What is the tens digit of w?
3
Let c = -10 + 14. Suppose -t - c + 3 = 0. What is the units digit of t/3 - 70/(-21)?
3
Let w = 70 + -42. Let s(i) = -2*i - 12. Let b be s(-6). Suppose 4*l = -b*l + w. What is the units digit of l?
7
Suppose 4*a - 32 = -2*h + 12, 5*h + 2*a = 94. Suppose -2*s = -5*s + h. What is the units digit of s?
6
Suppose -2*l - 5 + 1 = 5*i, 6 = 2*l. Let q be (-1)/i + (-7)/(-2). Let a(b) = b + 5. What is the units digit of a(q)?
9
Let k be ((-2)/(-4))/(2/24). What is the tens digit of (6 - 1)/(2/k)?
1
Let c = 1 + 0. Let k be (-3)/(-9) - c/3. Suppose -2*d + 3*d - 10 = k. What is the tens digit of d?
1
Suppose 4*b = 43 + 57. What is the tens digit of b?
2
Suppose -t + 15 = 2*t. Suppose -t*q - d = 2*d - 64, 2*q - 25 = -d. What is the units digit of q?
1
Suppose 4*w + 0*w - 24 = 0. Suppose 5*o - 30 = 5*h, -6*h = o - 11*h + w. What is the units digit of o?
9
Let s = -41 - -71. What is the tens digit of s?
3
Let x = 2 - -5. Suppose x = 4*a - 5. Suppose a*l - 17 - 22 = 0. What is the units digit of l?
3
Let q be (-104)/6*(-30)/4. Suppose 2*u + 37 = -0*o + o, 0 = -4*o - u + q. Suppose 19 + o = 4*i - k, -2*k + 8 = 0. What is the tens digit of i?
1
Let x = -33 + 36. What is the units digit of x?
3
Let r(d) be the first derivative of d**3/3 + 3*d**2 - 11*d + 3. What is the units digit of r(-9)?
6
Let r be (3 + 1)/((-1)/(-2)). Suppose -5 = r*k - 3*k. What is the units digit of 1 + 0 + k + 1?
1
Let j be (-4)/24 - (-187)/6. Suppose -x - 5*b - j = 0, 3*x - 4*b + 69 - 14 = 0. Let t = x + 40. What is the units digit of t?
9
Let x(t) = 3*t**2 - 1. Let d be x(-2). Let l(k) = -k**2 + 11*k + 1. Let u be l(d). Let w = 0 + u. What is the units digit of w?
1
Suppose -5*m + 40 = -0*m. Let u = m - -8. What is the tens digit of u?
1
Let q = 444 - 58. What is the units digit of q?
6
Suppose 5*d = 2*d - 5*f + 68, -5*d = 3*f - 108. Suppose 0 = j + 2*j - a - d, 3*j + a - 21 = 0. What is the units digit of j?
7
Let f(q) = 12*q - 3. Let v be f(2). Let i be 36/8*(-16)/(-12). What is the units digit of i/v - 54/(-7)?
8
Suppose 0 = -3*m - 4*t - t - 10, t + 6 = -m. Let z = m + 18. What is the units digit of z?
8
Let l = -40 + 80. What is the tens digit of l?
4
Suppose -4*l + 2*j = -2, 4*j - 8 = 3*l + 3. Suppose 0*m + l*m = 18. Suppose 3*f - 9 - m = 0. What is the units digit of f?
5
What is the units digit of ((-8)/(-6))/((-1)/(-3))?
4
Suppose -j + 0*j + 15 = 0. Let q be ((-6)/j)/(2/(-10)). Suppose -q*g - 3 = -7. What is the units digit of g?
2
Let l(v) = 3*v**2 + v - 1. L